s - 17. Let b be o(-22). Let d be 2/8 + 47/4. Suppose b*c - 8 = d. What is the greatest common factor of c and 36?
4
Let g be 414*5/20*(0 + 4). Calculate the greatest common factor of 46 and g.
46
Let r be (-3 + 15/6)*(-18)/1. Let o = -41 + 5. Let d be (o/15)/((-4)/10). Calculate the highest common factor of r and d.
3
Let y(q) = 15*q - 447. Let d be y(30). Let c be -1 + -1 + (5 - -48). Calculate the highest common divisor of d and c.
3
Let b(z) be the third derivative of z**5/20 - 7*z**4/12 + 37*z**2. Let p be b(-5). Calculate the greatest common divisor of p and 29.
29
Let v = -9 + 15. Let k be ((-8)/v)/(1/(-9)). Suppose -3*n = -5*n + k. Calculate the highest common factor of 30 and n.
6
Let x = 28 + -26. Let g be (-1)/(x - -4) - (-1730)/12. Calculate the highest common divisor of g and 12.
12
Let r be (-24 + -2)*(-1)/(-1 - -3). Suppose -j - j = -864. Let w = j - 289. Calculate the highest common divisor of w and r.
13
Let i be (40 - -6) + (0 - -2). What is the greatest common factor of 128 and i?
16
Let i be 69 + (3 - 0 - 2). Let w = 72 - i. Calculate the highest common factor of w and 22.
2
Let u be (-30)/(-8) + -3 + (-9)/12. Suppose -5*v - 6 = 4*o - u*v, -3*o = -3*v - 9. Calculate the greatest common factor of o and 7.
1
Let u be 432/28 - (-3)/(-7). Calculate the highest common divisor of 1065 and u.
15
Suppose 4*y = 12, -2*b + 3*y - 17 = -2*y. Let u(j) = -j + 6. Let d be u(3). Let h = b + d. Calculate the highest common factor of 14 and h.
2
Suppose 3*l + 15 = 2*z - 0*z, -2*z + 2*l + 10 = 0. Suppose 2*v = -z*v + 30. Calculate the highest common divisor of v and 15.
15
Suppose j - 28 = -5*i + 7, i - 5 = 0. Let k be -13 + j + (124 - (2 - 1)). Calculate the greatest common factor of k and 40.
40
Suppose a + 50 = 298. Let x(o) = -o**3 - 18*o**2 - 30*o - 190. Let z be x(-17). Calculate the greatest common divisor of z and a.
31
Let y(a) = 7*a**2 - a - 1. Let d be y(-1). Let h(x) = 13*x. Let n be h(d). What is the highest common factor of n and 13?
13
Suppose 6157 - 2142 = 3*l - 2*b, b + 2 = 0. Let p be l/21 + 2/(-3). What is the highest common factor of 9 and p?
9
Let u be (-20)/(-8 - (-790)/100). What is the highest common factor of 150 and u?
50
Let c(y) = y + 12. Let m be c(5). Let q = m - 36. Let v be 3*-2*(q + 11). What is the greatest common factor of v and 12?
12
Let i = 3 + 3. Let p = 92 + 5. Suppose p = 2*o - 11. What is the greatest common factor of i and o?
6
Suppose 292 = -c + 291, -2*o + 11 = -5*c. Let k = 4 - 10. Let h = 18 + k. Calculate the greatest common factor of h and o.
3
Suppose -2*h = 4*i - 2, h + i - 2 - 3 = 0. Let m(k) = -k - 5. Let s be m(-7). Let a be 72*(-1)/(-2)*s. Calculate the highest common factor of a and h.
9
Let y(k) = k**2 + 9*k - 8. Let t be y(-10). Let x(r) = r**2 - 2*r**t - 5*r + 35*r**2 - 2. Let d be x(-3). Calculate the highest common divisor of 29 and d.
29
Let j be (-159)/(-15) + (-3 - (-85)/25). Calculate the highest common divisor of 1584 and j.
11
Let c be -8*1352/(-80) - 2/10. Calculate the greatest common factor of c and 45.
45
Let a = -1067 + 1072. Let d(z) = 5*z**2 + 3*z + 1. Let m be d(3). Calculate the greatest common divisor of a and m.
5
Suppose 6*w - 660 = 2*w. Let o = 280 - w. Calculate the highest common divisor of 46 and o.
23
Suppose 140 = -0*g + 2*g. Suppose -u - 209 = -12*u. Suppose 3*z - u = 23. Calculate the greatest common divisor of g and z.
14
Suppose 41 = 14*t - 85. Calculate the greatest common factor of 198 and t.
9
Let p(t) = -34*t - 2. Let q = 4 + -5. Let w be p(q). Suppose c + w = 4*j, j - 12 = -3*c - 4. Calculate the highest common factor of j and 24.
8
Suppose 0*w + 5*w = 850. Let a = w - -199. Calculate the highest common divisor of 41 and a.
41
Let s(n) = n**3 + 9*n**2 - 62*n - 12. Let u be s(5). Let b = 0 - 0. Let w be b*2/4 + 14. Calculate the greatest common factor of w and u.
14
Let u(b) = b**3 - 9*b**2 + 8*b + 4. Let o be u(8). Suppose -60 = 2*a - o*a. Calculate the highest common divisor of a and 6.
6
Let f be (1 + -9)*(-13 + -6). What is the greatest common factor of f and 1140?
76
Let q(a) = -25*a + 194. Let x be q(-14). What is the highest common divisor of 51 and x?
17
Let y be 108/15*(-2465)/(-51). Calculate the greatest common divisor of y and 87.
87
Suppose -2*c = -3*c + 5*m - 12, -3*m + 52 = 5*c. Calculate the greatest common factor of 1352 and c.
8
Let n = 37 - 33. Suppose -13 + 5 = -n*l. Suppose 2*c + 150 = l*r, 2*r - 81 = r - 5*c. What is the highest common factor of r and 19?
19
Suppose -3*m + 931 = 3*u - 2*m, -u + m = -309. Calculate the greatest common factor of 62 and u.
62
Suppose -4*d + 54 = -d. Let z(k) = k**3 - 5*k**2 - 85*k + 3. Let m be z(-6). Calculate the highest common factor of d and m.
9
Let k = 6115 - 6110. Suppose 0 = -3*m - m - 2*r - 148, -4*r = m + 37. Let s = 72 + m. Calculate the greatest common factor of s and k.
5
Suppose 4*r = -3*i - 10, -r + 5*i - 15 = -1. Let n(m) = m**3 + 4*m**2 - m. Let l be n(r). Calculate the highest common divisor of 16 and l.
4
Let g be (511/(-28) - -7)/(1/(-4)). Calculate the highest common divisor of 9 and g.
9
Suppose -30*b - 1326 = -10296. Calculate the greatest common factor of 26 and b.
13
Let q(m) = 46*m**3 + 3*m - 3 - 2 + 5*m**2 - 47*m**3. Let k be q(5). Suppose t = k + 17. What is the highest common factor of 9 and t?
9
Let a = 799 + -419. Calculate the greatest common factor of 20 and a.
20
Suppose -15 = -5*c, f + c = 2776 - 913. Calculate the highest common factor of 15 and f.
15
Let m(k) = -79*k + 15. Let b be m(-3). What is the highest common factor of b and 36?
36
Suppose -3*n = 27*n - 120. What is the highest common divisor of n and 36?
4
Suppose 19 = 5*y - 6. Suppose 0 = -y*c - 4*o + 5, 0*o - 3*o = 0. Let h(b) = 46*b**2 - 2*b + 1. Let w be h(c). Calculate the greatest common factor of 5 and w.
5
Let d = 111 - 109. Let j be (-2)/(1*(-2)/8). Suppose 3*h - 27 = -4*z - z, -d*z = 4*h - j. Calculate the highest common factor of 6 and z.
6
Let w(j) = -33*j - 3. Let q be w(-3). Suppose 2*b = 3*b - 34. Let z = -22 + b. Calculate the greatest common factor of z and q.
12
Let w be (2/(-3))/((-8)/60). Suppose -2*q = w*a - 4, 17 = -5*q + 2. Let n be (-1 - -2) + 3/1. What is the greatest common divisor of n and a?
2
Suppose -73 - 443 = -43*i. Calculate the highest common factor of i and 9.
3
Let i(t) = t**3 - 12*t**2 - 23*t + 9. Let z be i(15). Suppose 3*g = 123 + z. What is the highest common factor of g and 14?
14
Let i = 338 - 13. Calculate the greatest common divisor of i and 50.
25
Let p = 8 - 2. Suppose 0*y = 2*y + p. Let q(o) = 3*o**2 + 2*o + 2. Let v be q(y). Calculate the highest common factor of 184 and v.
23
Let u = -11 + 15. Let p(b) = 4*b - 5. Let f be p(2). Suppose -4*c - 43 = -3*s, -u*s + f*c + 68 = 20. What is the highest common factor of 81 and s?
9
Let c be 5/(-2)*-2*2. Let i be (-40)/4 + (26 - 1). Calculate the greatest common factor of i and c.
5
Suppose 3*o = 11 + 70. Suppose n - 3*h = 10, -2*h - o - 3 = -4*n. What is the greatest common divisor of n and 28?
7
Let c(k) = k**3 + 25*k**2 + 67*k + 55. Let n be c(-22). What is the greatest common factor of 176 and n?
11
Let t = 1219 + -1192. What is the greatest common factor of 159 and t?
3
Suppose -2*u - 579 = -p, 13*p = 11*p + 3*u + 1163. Calculate the highest common factor of p and 31.
31
Let b(v) = -277*v - 84. Let d be b(-4). Calculate the greatest common divisor of d and 8.
8
Suppose 0 = -d - 4*c + 156, -4*c - 4 + 20 = 0. What is the greatest common factor of d and 196?
28
Suppose 28*y - 29*y + 10 = 0. Suppose -16*n = -n - 1650. What is the highest common divisor of n and y?
10
Let n = -28 - -34. Let h be 78 + 3/(n/4). Calculate the greatest common factor of h and 8.
8
Let o(a) = -25*a - 5. Let n = -92 + 91. Let s be o(n). What is the greatest common factor of 30 and s?
10
Suppose 2*q - 403 = -t, t - q = 3*t - 809. What is the greatest common divisor of 180 and t?
45
Let j(c) = -c**3 - 9*c**2 - 2*c - 16. Let w be j(-9). Let m be (110/25*w)/(2/10). Calculate the highest common divisor of 66 and m.
22
Suppose 3*j - 2*j - 25 = -5*c, -5*c + 35 = 3*j. Suppose c*f - 16 = 2*y, y + 2*f + 4 = -24. Let s = y + 19. Calculate the greatest common factor of s and 7.
1
Let z = 55 - 30. Let d(p) = -p**2 + 10*p + 14. Let k be d(11). Suppos